{"id":8798,"date":"2022-11-01T13:16:07","date_gmt":"2022-11-01T13:16:07","guid":{"rendered":"http:\/\/referanskozmetik.com\/?post_type=product&#038;p=8798"},"modified":"2022-11-01T13:18:43","modified_gmt":"2022-11-01T13:18:43","slug":"gsu-agda-bezi-80-metre","status":"publish","type":"product","link":"http:\/\/referanskozmetik.com\/index.php\/urun\/gsu-agda-bezi-80-metre\/","title":{"rendered":"GSU A\u011fda Bezi 80 Metre"},"content":{"rendered":"","protected":false},"excerpt":{"rendered":"<ul>\n<li>A\u011fda bezi 80 metre<\/li>\n<\/ul>\n<ul class=\"detail-desc-list two-columns\">\n<li>Dayan\u0131kl\u0131 malzemeden \u00fcretilen a\u011fda bezi, uygulama esnas\u0131nda kopmaz ve y\u0131rt\u0131lmaz.<\/li>\n<li>Kulan\u0131m: Ev, kuaf\u00f6r berber ve g\u00fczellik salonlar\u0131d\u0131r.<\/li>\n<li>Hijyenik kullan at \u00fcr\u00fcnd\u00fcr.<\/li>\n<li>Cinsiyet: Kad\u0131n, unisex<\/li>\n<li>Profesyonel kullan\u0131ma uygun tek kullan\u0131ml\u0131k oldu\u011funu unutmay\u0131n\u0131z.<\/li>\n<\/ul>\n","protected":false},"featured_media":8799,"comment_status":"open","ping_status":"closed","template":"","meta":[],"product_cat":[85,77],"product_tag":[],"class_list":["post-8798","product","type-product","status-publish","has-post-thumbnail","hentry","product_cat-agda-bezi","product_cat-agda-seti"],"_links":{"self":[{"href":"http:\/\/referanskozmetik.com\/index.php\/wp-json\/wp\/v2\/product\/8798","targetHints":{"allow":["GET"]}}],"collection":[{"href":"http:\/\/referanskozmetik.com\/index.php\/wp-json\/wp\/v2\/product"}],"about":[{"href":"http:\/\/referanskozmetik.com\/index.php\/wp-json\/wp\/v2\/types\/product"}],"replies":[{"embeddable":true,"href":"http:\/\/referanskozmetik.com\/index.php\/wp-json\/wp\/v2\/comments?post=8798"}],"version-history":[{"count":2,"href":"http:\/\/referanskozmetik.com\/index.php\/wp-json\/wp\/v2\/product\/8798\/revisions"}],"predecessor-version":[{"id":8806,"href":"http:\/\/referanskozmetik.com\/index.php\/wp-json\/wp\/v2\/product\/8798\/revisions\/8806"}],"wp:featuredmedia":[{"embeddable":true,"href":"http:\/\/referanskozmetik.com\/index.php\/wp-json\/wp\/v2\/media\/8799"}],"wp:attachment":[{"href":"http:\/\/referanskozmetik.com\/index.php\/wp-json\/wp\/v2\/media?parent=8798"}],"wp:term":[{"taxonomy":"product_cat","embeddable":true,"href":"http:\/\/referanskozmetik.com\/index.php\/wp-json\/wp\/v2\/product_cat?post=8798"},{"taxonomy":"product_tag","embeddable":true,"href":"http:\/\/referanskozmetik.com\/index.php\/wp-json\/wp\/v2\/product_tag?post=8798"}],"curies":[{"name":"wp","href":"https:\/\/api.w.org\/{rel}","templated":true}]}}